{"id":716,"date":"2013-08-29T11:17:17","date_gmt":"2013-08-29T11:17:17","guid":{"rendered":"http:\/\/www.altlastenmanagement.at\/home\/?page_id=716"},"modified":"2023-03-30T09:37:04","modified_gmt":"2023-03-30T09:37:04","slug":"kontakt","status":"publish","type":"page","link":"https:\/\/www.altlastenmanagement.at\/home\/kontakt\/","title":{"rendered":"Kontakt"},"content":{"rendered":"<div class=\"row\">\n<div class=\"span8\"><\/div>\n<div class=\"span8\"><\/div>\n<div class=\"span8\">\u00d6VA &#8211; \u00d6sterr. Verein f\u00fcr Altlastenmanagement<br \/>\nRothkirchgasse 4\/4\/7<br \/>\n1120 Wien<\/div>\n<div><\/div>\n<div class=\"span8\">ZVR-Zahl: 171071018<\/div>\n<div class=\"span8\">\nTel.: +43 (0) 680-3133616<br \/>\neMail: <a href=\"mailto:office@altlastenmanagement.at\">office@altlastenmanagement.at<\/a><\/div>\n<div class=\"span4\"><\/div>\n<div class=\"span4\"><\/div>\n<\/div>\n","protected":false},"excerpt":{"rendered":"<p>\u00d6VA &#8211; \u00d6sterr. Verein f\u00fcr Altlastenmanagement Rothkirchgasse 4\/4\/7 1120 Wien ZVR-Zahl: 171071018 Tel.: +43 (0) 680-3133616 eMail: office@altlastenmanagement.at<\/p>\n","protected":false},"author":2,"featured_media":0,"parent":0,"menu_order":0,"comment_status":"closed","ping_status":"closed","template":"","meta":{"_mi_skip_tracking":false},"_links":{"self":[{"href":"https:\/\/www.altlastenmanagement.at\/home\/wp-json\/wp\/v2\/pages\/716"}],"collection":[{"href":"https:\/\/www.altlastenmanagement.at\/home\/wp-json\/wp\/v2\/pages"}],"about":[{"href":"https:\/\/www.altlastenmanagement.at\/home\/wp-json\/wp\/v2\/types\/page"}],"author":[{"embeddable":true,"href":"https:\/\/www.altlastenmanagement.at\/home\/wp-json\/wp\/v2\/users\/2"}],"replies":[{"embeddable":true,"href":"https:\/\/www.altlastenmanagement.at\/home\/wp-json\/wp\/v2\/comments?post=716"}],"version-history":[{"count":25,"href":"https:\/\/www.altlastenmanagement.at\/home\/wp-json\/wp\/v2\/pages\/716\/revisions"}],"predecessor-version":[{"id":3929,"href":"https:\/\/www.altlastenmanagement.at\/home\/wp-json\/wp\/v2\/pages\/716\/revisions\/3929"}],"wp:attachment":[{"href":"https:\/\/www.altlastenmanagement.at\/home\/wp-json\/wp\/v2\/media?parent=716"}],"curies":[{"name":"wp","href":"https:\/\/api.w.org\/{rel}","templated":true}]}}