{"id":2836,"date":"2016-09-07T15:59:43","date_gmt":"2016-09-07T15:59:43","guid":{"rendered":"http:\/\/www.altlastenmanagement.at\/home\/?page_id=2836"},"modified":"2025-02-14T07:24:04","modified_gmt":"2025-02-14T07:24:04","slug":"mitgliedschaft","status":"publish","type":"page","link":"https:\/\/www.altlastenmanagement.at\/home\/verein\/mitgliedschaft\/","title":{"rendered":"Mitgliedschaft"},"content":{"rendered":"<p>Wenn Sie die Mitgliedschaft im \u00d6sterreichischen Verein f\u00fcr Altlastenmanagement beantragen wollen, f\u00fcllen Sie bitte das\u00a0<a href=\"http:\/\/www.altlastenmanagement.at\/home\/wp-content\/uploads\/Anmeldeformular-2020.pdf\" target=\"_blank\" rel=\"noopener noreferrer\">Anmeldeformular<\/a> aus und senden es per Email an <a href=\"mailto:office@altlastenmanagement.at\">office@altlastenmanagement.at<\/a>.<\/p>\n<p>Mitgliedsbeitrag ordentliches Mitglied:<strong> 50 \u20ac\/Jahr<\/strong><\/p>\n<p>Mitgliedsbeitrag f\u00f6rderndes Mitglied: <strong>200 \u20ac\/Jahr<\/strong><\/p>\n<p>Mitgliedsbeitrag Doppelmitgliedschaft \u00d6VA und ITVA (f\u00fcr ITVA-Mitglieder, die zus\u00e4tzlich \u00d6VA-Mitglied werden wollen):<br \/>\nordentliches Mitglied: <strong>30 \u20ac\/Jahr <\/strong>bzw. f\u00f6rderndes Mitglied <strong>75 \u20ac\/Jahr<\/strong><\/p>\n<p><strong>Gratis-Mitgliedschaft<\/strong> f\u00fcr Studierende: Voraussetzung ist die Zusendung der Kopie eines <strong>g\u00fcltigen Studentenausweises<\/strong> zusammen mit dem Anmeldeformular. Die Gratis-Mitgliedschaft ist auf 2 Jahre begrenzt.<\/p>\n<hr \/>\n<p><strong>Doppelmitgliedschaft beim deutschen ITVA<\/strong>\u00a0<strong>(<\/strong><strong><b>Ingenieurtechnischer Verband f\u00fcr Altlastenmanagement und Fl\u00e4chenrecycling e.V.<\/b>)<\/strong><\/p>\n<p>Neben den zahlreichen Vorteilen einer \u00d6VA-Mitgliedschaft, bietet sich auch die M\u00f6glichkeit einer attraktiven Doppelmitgliedschaft beim \u00d6VA und dem ITVA (<a href=\"http:\/\/www.itv-altlasten.de\/\" target=\"_blank\" rel=\"noopener noreferrer\">http:\/\/www.itv-altlasten.de\/<\/a>) (g\u00fcnstiger Bezug des Altlastenspektrums, verg\u00fcnstigte Veranstaltungen).<\/p>\n<p>Wenn Sie ein in \u00d6sterreich ans\u00e4ssiges \u00d6VA Mitglied sind, k\u00f6nnen Sie die ITVA-Mitgliedschaft \u2013 und die damit verbundenen Rechte &#8211;\u00a0 zu stark reduzierten Jahresbeitr\u00e4gen erwerben. Der reduzierte\u00a0 ITVA-Jahresbeitrag wurde wie folgt vereinbart:<\/p>\n<p>Ordentliche Mitglieder: \u20ac 39.- (statt \u20ac 87.-)<br \/>\nStudenten: \u20ac 17.- (statt \u20ac 38.-)<br \/>\nAu\u00dferordentliche Mitglieder:<br \/>\nFirmen &lt; 10 Mitarbeiter, Beh\u00f6rden, Hochschuleinrichtungen: \u20ac 128.- (statt \u20ac 281.-)<br \/>\nFirmen 10 &#8211; 30 Mitarbeiter: \u20ac 256.- (statt \u20ac 562.-)<br \/>\nFirmen &gt; 30 Mitarbeiter: \u20ac 526.- (statt \u20ac 1.125.-)<br \/>\nInsbesondere hingewiesen wird, dass diese Doppelmitgliedschaft auch das Abonnement der ITVA- Fachzeitschrift altlasten spektrum beinhaltet!<\/p>\n<hr \/>\n<p>Bankverbindung des \u00d6VA: Das Vereinskonto ist bei der Raiffeisenbank, lautend auf:<br \/>\n\u00d6sterreichischer Verein f\u00fcr Altlastenmanagement (\u00d6VA),<br \/>\nKto.Nr.: 108894;BLZ: 32250<br \/>\nIBAN: AT45 3225 0000 0010 8894; BIC: RLNWATWWGTD<\/p>\n","protected":false},"excerpt":{"rendered":"<p>F\u00fcr Studierende ist die Mitgliedschaft im ersten Jahr gratis. Mehr Informationen finden Sie hier.<\/p>\n","protected":false},"author":2,"featured_media":2694,"parent":2682,"menu_order":0,"comment_status":"closed","ping_status":"closed","template":"","meta":{"_mi_skip_tracking":false},"_links":{"self":[{"href":"https:\/\/www.altlastenmanagement.at\/home\/wp-json\/wp\/v2\/pages\/2836"}],"collection":[{"href":"https:\/\/www.altlastenmanagement.at\/home\/wp-json\/wp\/v2\/pages"}],"about":[{"href":"https:\/\/www.altlastenmanagement.at\/home\/wp-json\/wp\/v2\/types\/page"}],"author":[{"embeddable":true,"href":"https:\/\/www.altlastenmanagement.at\/home\/wp-json\/wp\/v2\/users\/2"}],"replies":[{"embeddable":true,"href":"https:\/\/www.altlastenmanagement.at\/home\/wp-json\/wp\/v2\/comments?post=2836"}],"version-history":[{"count":5,"href":"https:\/\/www.altlastenmanagement.at\/home\/wp-json\/wp\/v2\/pages\/2836\/revisions"}],"predecessor-version":[{"id":4260,"href":"https:\/\/www.altlastenmanagement.at\/home\/wp-json\/wp\/v2\/pages\/2836\/revisions\/4260"}],"up":[{"embeddable":true,"href":"https:\/\/www.altlastenmanagement.at\/home\/wp-json\/wp\/v2\/pages\/2682"}],"wp:featuredmedia":[{"embeddable":true,"href":"https:\/\/www.altlastenmanagement.at\/home\/wp-json\/wp\/v2\/media\/2694"}],"wp:attachment":[{"href":"https:\/\/www.altlastenmanagement.at\/home\/wp-json\/wp\/v2\/media?parent=2836"}],"curies":[{"name":"wp","href":"https:\/\/api.w.org\/{rel}","templated":true}]}}